le of 10?
True
Is 2 a factor of 35?
False
Is 168 a factor of 17976?
True
Is 46029 a multiple of 229?
True
Is 10 a factor of 5917?
False
Is 61 a factor of 67832?
True
Is 23 a factor of 1966?
False
Is 89520 a multiple of 191?
False
Is 10 a factor of 28?
False
Is 70 a factor of 12460?
True
Does 86 divide 1376?
True
Is 161 a multiple of 9?
False
Is 24 a factor of 3504?
True
Does 6 divide 422?
False
Is 40 a factor of 1040?
True
Is 379 a multiple of 5?
False
Does 3 divide 2581?
False
Is 102 a factor of 28091?
False
Does 33 divide 2356?
False
Is 5 a factor of 280?
True
Is 31 a factor of 1638?
False
Is 4144 a multiple of 16?
True
Is 32304 a multiple of 5?
False
Is 3483 a multiple of 40?
False
Is 15 a factor of 480?
True
Does 10 divide 2340?
True
Does 24 divide 3977?
False
Is 1255 a multiple of 2?
False
Is 15500 a multiple of 124?
True
Is 7035 a multiple of 6?
False
Is 12 a factor of 3252?
True
Is 8802 a multiple of 27?
True
Is 1195 a multiple of 9?
False
Does 7 divide 23877?
True
Is 46 a factor of 2806?
True
Is 105 a factor of 105?
True
Does 8 divide 944?
True
Is 10142 a multiple of 13?
False
Is 134764 a multiple of 12?
False
Is 4817 a multiple of 167?
False
Is 9294 a multiple of 110?
False
Does 14 divide 6517?
False
Is 28 a factor of 9800?
True
Is 96 a factor of 86592?
True
Is 10669 a multiple of 47?
True
Is 60 a factor of 2276?
False
Is 671 a multiple of 28?
False
Does 27 divide 1863?
True
Is 12 a factor of 139944?
True
Does 12 divide 24?
True
Does 31 divide 3045?
False
Does 18 divide 316?
False
Does 101 divide 1717?
True
Is 37 a factor of 407?
True
Does 22 divide 1232?
True
Does 13 divide 3349?
False
Is 13424 a multiple of 61?
False
Is 43 a factor of 430?
True
Does 22 divide 27267?
False
Is 10706 a multiple of 20?
False
Does 60 divide 1440?
True
Does 21 divide 6615?
True
Is 1105 a multiple of 3?
False
Is 453 a multiple of 31?
False
Is 100 a multiple of 7?
False
Is 754 a multiple of 13?
True
Is 134 a factor of 81426?
False
Is 7 a factor of 246?
False
Does 59 divide 2419?
True
Is 3451 a multiple of 25?
False
Is 34 a factor of 21411?
False
Does 153 divide 918?
True
Is 8 a factor of 847?
False
Is 14 a factor of 784?
True
Is 23 a factor of 5796?
True
Is 252 a multiple of 71?
False
Is 3460 a multiple of 10?
True
Does 96 divide 703?
False
Is 641 a multiple of 20?
False
Is 181 a multiple of 18?
False
Is 96 a factor of 1873?
False
Does 25 divide 1922?
False
Is 66 a factor of 19727?
False
Is 31162 a multiple of 114?
False
Is 30 a factor of 110?
False
Does 10 divide 13568?
False
Is 39 a factor of 1070?
False
Is 14 a multiple of 7?
True
Does 6 divide 36?
True
Does 17 divide 341?
False
Is 9 a factor of 234?
True
Is 968 a multiple of 88?
True
Is 42 a factor of 1904?
False
Does 23 divide 85629?
True
Does 11 divide 495?
True
Does 14 divide 840?
True
Does 20 divide 220?
True
Is 30 a factor of 40620?
True
Is 270 a multiple of 42?
False
Does 126 divide 9324?
True
Is 31378 a multiple of 327?
False
Is 49 a factor of 343?
True
Is 108 a factor of 11016?
True
Does 100 divide 3700?
True
Is 174 a factor of 68739?
False
Is 172 a multiple of 43?
True
Is 15 a multiple of 5?
True
Is 56 a factor of 17080?
True
Is 10 a factor of 4530?
True
Does 10 divide 3860?
True
Is 10739 a multiple of 16?
False
Is 4128 a multiple of 8?
True
Is 39 a factor of 3358?
False
Does 147 divide 1469?
False
Does 31 divide 69412?
False
Does 47 divide 27166?
True
Is 67 a factor of 737?
True
Is 558 a multiple of 18?
True
Is 230 a multiple of 4?
False
Does 14 divide 1914?
False
Does 26 divide 6141?
False
Is 71406 a multiple of 18?
True
Is 2 a factor of 42?
True
Is 644 a multiple of 46?
True
Does 11 divide 69?
False
Is 7 a factor of 12992?
True
Is 23 a factor of 1212?
False
Does 16 divide 139854?
False
Is 22 a factor of 2038?
False
Is 66 a factor of 756?
False
Is 15 a factor of 255?
True
Is 20520 a multiple of 10?
True
Is 1140 a multiple of 57?
True
Is 4218 a multiple of 90?
False
Is 27550 a multiple of 190?
True
Is 6 a factor of 4326?
True
Is 54652 a multiple of 90?
False
Does 111 divide 666?
True
Is 29693 a multiple of 13?
False
Does 13 divide 11909?
False
Is 3 a factor of 33?
True
Is 50176 a multiple of 98?
True
Is 625 a multiple of 40?
False
Is 10075 a multiple of 65?
True
Is 7 a factor of 56050?
False
Does 13 divide 8600?
False
Is 9315 a multiple of 69?
True
Is 7 a factor of 10661?
True
Is 67 a multiple of 15?
False
Is 38880 a multiple of 216?
True
Is 5 a factor of 830?
True
Does 10 divide 3760?
True
Is 49977 a multiple of 27?
True
Does 64 divide 27799?
False
Is 232 a factor of 26216?
True
Does 31 divide 22847?
True
Is 6 a factor of 228?
True
Is 79 a factor of 1659?
True
Does 24 divide 304?
False
Is 29 a factor of 2128?
False
Is 18 a factor of 1803?
False
Is 75 a factor of 1038?
False
Is 15 a factor of 97560?
True
Is 56 a factor of 54264?
True
Is 1951 a multiple of 7?
False
Is 825 a multiple of 15?
True
Is 1476 a multiple of 12?
True
Is 6913 a multiple of 9?
False
Is 3979 a multiple of 173?
True
Is 11 a factor of 773?
False
Is 31 a factor of 31?
True
Is 16 a factor of 3440?
True
Is 14 a factor of 22568?
True
Is 28404 a multiple of 18?
True
Does 27 divide 1863?
True
Does 2 divide 1205?
False
Is 75 a factor of 2325?
True
Does 49 divide 1168?
False
Does 54 divide 34884?
True
Is 31291 a multiple of 83?
True
Does 3 divide 4248?
True
Does 2 divide 441?
False
Does 20 divide 1800?
True
Is 16440 a multiple of 20?
True
Is 15810 a multiple of 14?
False
Is 13415 a multiple of 31?
False
Is 8130 a multiple of 23?
False
Does 24 divide 5586?
False
Is 518 a multiple of 17?
False
Is 17664 a multiple of 6?
True
Is 39 a factor of 9559?
False
Is 62 a factor of 2167?
False
Is 78 a multiple of 12?
False
Is 11 a factor of 64009?
True
Is 11508 a multiple of 110?
False
Does 22 divide 3538?
False
Does 44 divide 13728?
True
Does 3 divide 967?
False
Is 648 a multiple of 72?
True
Is 806 a multiple of 21?
False
Does 21 divide 247?
False
Does 44 divide 9636?
True
Is 1220 a multiple of 122?
True
Is 164 a factor of 2296?
True
Does 18 divide 16713?
False
Does 26 divide 237?
False
Is 45 a multiple of 45?
True
Does 9 divide 2241?
True
Does 139 divide 57934?
False
Is 6 a factor of 78?
True
Is 143 a factor of 17532?
False
Is 13 a factor of 1429?
False
Is 15 a factor of 94209?
False
Is 12 a factor of 2892?
True
Is 95 a factor of 11410?
False
Does 11 divide 121?
True
Is 3 a factor of 393?
True
Is 5332 a multiple of 43?
True
Does 46 divide 56?
False
Does 49 divide 21389?
False
Is 3784 a multiple of 43?
True
Is 86 a factor of 10820?
False
Is 6 a factor of 1820?
False
Is 64 a factor of 832?
True
Is 10 a factor of 294?
False
Is 11712 a multiple of 122?
True
Is 5858 a multiple of 37?
False
Does 60 divide 8251?
False
Is 1047 a multiple of 47?
False
Is 70 a factor of 1120?
True
Does 63 divide 7267?
False
Does 23 divide 3611?
True
Does 107 divide 14057?
False
Is 114 a factor of 28114?
False
Is 3765 a multiple of 19?
False
Is 10304 a multiple of 112?
True
Is 5 a factor of 1076?
False
Is 54 a factor of 54?
True
Is 121 a multiple of 21?
False
Does 3 divide 1989?
True
Is 4486 a multiple of 277?
False
Is 194 a factor of 4074?
True
Does 34 divide 9860?
True
Does 119 divide 27838?
False
Does 74 divide 20858?
False
Is 4069 a multiple of 4?
False
Is 22 a factor of 5060?
True
Is 10998 a multiple of 11?
False
Is 177 a factor of 57951?
False
Is 39 a factor of 1299?
False
Does 11 divide 500?
False
Does 55 divide 1799?
False
Is 11 a factor of 499?
False
Is 12 a multiple of 2?
True
Is 630 a multiple of 35?
True
Is 23 a factor of 10190?
False
Is 181 a factor of 5409?
False
Is 37940 a multiple of 55?
False
Does 11 divide 1022?
False
Is 18 a factor of 17100?
True
Does 5 divide 45?
True
Is 896 a multiple of 16?
True
Does 25 divide 27030?
False
Is 8 a factor of 876?
False
Does 70 divide 54715?
False
Is 131 a factor of 46208?
False
Is 410 a multiple of 10?
True
Is 3366 a multiple of 51?
True
Is 13 a factor of 59?
False
Is 828 a multiple of 36?
True
Does 3 divide 170?
False
Is 35530 a multiple of 20?
False
Does 7 divide 606?
False
Does 189 divide 62937?
True
Does 35 divide 1615?
False
Is 14 a factor of 3038?
True
Does 3 divide 92?
False
Is 2701 a multiple of 4?
False
Does 57 divide 17043?
True
Is 155 a multiple of 31?
True
Is 160 a multiple of 5?
True
Is 18945 a multi